{"id":823,"date":"2026-01-05T22:11:10","date_gmt":"2026-01-05T21:11:10","guid":{"rendered":"https:\/\/traunsteiner-liste.de\/?page_id=823"},"modified":"2026-01-07T16:21:56","modified_gmt":"2026-01-07T15:21:56","slug":"unterstuetzen","status":"publish","type":"page","link":"https:\/\/traunsteiner-liste.de\/?page_id=823","title":{"rendered":"Unterst\u00fctzen"},"content":{"rendered":"\n<p>Wer unseren Wahlkampf unterst\u00fctzen m\u00f6chte, kann dies gerne tun per \u00dcberweisung an:<\/p>\n\n\n\n<p><strong>Spendenkonto:<\/strong><br>Sparda Bank M\u00fcnchen<br><strong>IBAN:<\/strong>\u00a0DE62 7009 0500 0103 9644 00<br><strong>BIC:<\/strong>\u00a0GENODEF1S04<\/p>\n\n\n\n<p><strong>Verwendungszweck:<\/strong>&nbsp;Spende Traunsteiner Liste<\/p>\n\n\n\n<p><em>F\u00fcr Spenden \u00fcber&nbsp;<strong>300 Euro<\/strong>&nbsp;ist eine&nbsp;<strong>Spendenbescheinigung<\/strong>&nbsp;erforderlich, damit Sie eine Spendenquittung erhalten. Bitte geben Sie hierf\u00fcr Ihre vollst\u00e4ndige Adresse im Verwendungszweck oder separat an.<\/em><br><em>Die Spendenquittung wird von Kassier Hubert Gstettner erstellt. Bei Fragen Email an: <\/em><a href=\"mailto:gstettner@traunsteiner-liste.de\">gstettner@traunsteiner-liste.de<\/a><\/p>\n\n\n\n<p><br><br><\/p>\n","protected":false},"excerpt":{"rendered":"<p>Wer unseren Wahlkampf unterst\u00fctzen m\u00f6chte, kann dies gerne tun per \u00dcberweisung an: Spendenkonto:Sparda Bank M\u00fcnchenIBAN:\u00a0DE62 7009 0500 0103 9644 00BIC:\u00a0GENODEF1S04 Verwendungszweck:&nbsp;Spende Traunsteiner Liste F\u00fcr Spenden \u00fcber&nbsp;300 Euro&nbsp;ist eine&nbsp;Spendenbescheinigung&nbsp;erforderlich, damit Sie [&hellip;]<\/p>\n","protected":false},"author":2,"featured_media":0,"parent":0,"menu_order":0,"comment_status":"closed","ping_status":"closed","template":"","meta":{"footnotes":""},"class_list":["post-823","page","type-page","status-publish","hentry"],"_links":{"self":[{"href":"https:\/\/traunsteiner-liste.de\/index.php?rest_route=\/wp\/v2\/pages\/823","targetHints":{"allow":["GET"]}}],"collection":[{"href":"https:\/\/traunsteiner-liste.de\/index.php?rest_route=\/wp\/v2\/pages"}],"about":[{"href":"https:\/\/traunsteiner-liste.de\/index.php?rest_route=\/wp\/v2\/types\/page"}],"author":[{"embeddable":true,"href":"https:\/\/traunsteiner-liste.de\/index.php?rest_route=\/wp\/v2\/users\/2"}],"replies":[{"embeddable":true,"href":"https:\/\/traunsteiner-liste.de\/index.php?rest_route=%2Fwp%2Fv2%2Fcomments&post=823"}],"version-history":[{"count":2,"href":"https:\/\/traunsteiner-liste.de\/index.php?rest_route=\/wp\/v2\/pages\/823\/revisions"}],"predecessor-version":[{"id":829,"href":"https:\/\/traunsteiner-liste.de\/index.php?rest_route=\/wp\/v2\/pages\/823\/revisions\/829"}],"wp:attachment":[{"href":"https:\/\/traunsteiner-liste.de\/index.php?rest_route=%2Fwp%2Fv2%2Fmedia&parent=823"}],"curies":[{"name":"wp","href":"https:\/\/api.w.org\/{rel}","templated":true}]}}